 = 22 - y. What is the tens digit of l?
1
Let j = -63 + 36. What is the tens digit of 16/(-6)*j/6?
1
Let m = 3 - 2. Let k be 0/(m - 3) + 2. Suppose -4*g - 32 = -4*h + k*h, 2*h + 4*g + 8 = 0. What is the units digit of h?
6
Suppose 186 = g + 2*g. What is the tens digit of g?
6
Let f = 96 - 54. What is the units digit of f?
2
Let i be (-1)/(-3) + 16/(-3). Let o = i - -7. What is the units digit of o?
2
Let j be (-5 - (-5 + 4))*1. Let t(l) = -5*l**3 - 3*l**2 + 3*l - 1. Let z(c) = -c**3 - c**2 + c. Let k(y) = -t(y) + 6*z(y). What is the units digit of k(j)?
5
Let r(k) = 85*k - 20. What is the tens digit of r(3)?
3
Let v(t) = 4*t**3 - 5*t**2 + 8*t - 9. What is the units digit of v(4)?
9
Let i(o) = o**2 + 4*o - 4. Let c be i(-4). Let w = 5 - c. What is the units digit of w?
9
Let v(m) = -m**2 - 7*m - 6. Let y = 6 - 17. Let l = 6 + y. What is the units digit of v(l)?
4
Let k(w) = -w - 6. What is the units digit of k(-9)?
3
Let a = -51 + 33. What is the units digit of (4/(-3))/(6/a)?
4
Let a = -21 - -38. Suppose 2*v + 2 = -5*t + 22, 4*t = 5*v - a. What is the units digit of t?
2
Let n = 36 + -23. Let w = n - -13. What is the units digit of w?
6
Suppose -5*h + 5*c = 20 + 5, -3*h + 4*c - 18 = 0. Let i be h*2/1*-1. Suppose 4*d = -v + 29, 2*v - i*d = -v + 7. What is the units digit of v?
9
Let f(i) = -i**3 - 10*i**2 + 12*i + 13. Suppose 11 = -5*t + 4*t. Let g be f(t). Suppose -13 + 34 = k + 3*l, -4*l + 36 = g*k. What is the units digit of k?
2
Let a be (-30)/4 - (-1)/2. Let r = a + 12. Suppose -3 = -3*o + 4*g, 0 = r*g - 17 + 2. What is the units digit of o?
5
Suppose -3*t - 6 = 0, -2*c = -2*t - 38 + 6. Let g = 27 - c. What is the tens digit of g?
1
Suppose 3*k + 0*k = 48. What is the tens digit of k?
1
Suppose -2*u = -2*z + 42, 0 = -3*z + 2*u - u + 65. Let f = z - 15. What is the units digit of f?
7
Let y be 12*(-2 + (-16)/(-6)). Let u = 20 - y. What is the tens digit of u?
1
Let d = -30 - -23. Let b = 33 - d. What is the tens digit of b?
4
Let z(c) = -3*c**2 - 2*c - 3. Let f be ((-6)/3)/((-1)/(-1)). Let w be z(f). Let o = 16 + w. What is the units digit of o?
5
Let k(x) = x**2 - 6*x + 8. Let q be k(6). Let r = q - -3. What is the tens digit of r?
1
What is the units digit of 4/3*4*105/70?
8
What is the tens digit of (253/33)/((-1)/(-3))?
2
Let t = 8 + 21. What is the units digit of t?
9
Let j be (-1 - 0)*(1 + 0). Let x = j - -5. What is the units digit of x?
4
Let r = -15 - -18. What is the tens digit of -4 + r + -3 + 18?
1
Let p(d) = 53*d**2 + 4*d + 4. What is the hundreds digit of p(-2)?
2
Let b(t) be the third derivative of -t**5/60 + 7*t**4/12 + 5*t**3/2 + 10*t**2. What is the tens digit of b(13)?
2
Let p(n) be the third derivative of n**4/8 - 4*n**3/3 - n**2. Let g be p(-8). What is the tens digit of g/(-2) + 2 + 1?
1
Let k(t) = t**3 + 2*t**2 - 3*t + 2. Let h be k(-3). Suppose -3*z + h*z = -31. What is the units digit of z?
1
Suppose 0*o - 12 = -4*o. Suppose o = -x + 30. What is the tens digit of x?
2
Suppose -4*g + 14 + 10 = 0. Suppose 6 = g*h - 0. What is the units digit of h?
1
Suppose -8 = -3*p - 5*t, -p - 3*t = p - 4. Let j(l) be the second derivative of l**4/12 + l**3/2 + 2*l**2 - 4*l. What is the units digit of j(p)?
8
Let i be 1*(-2)/2*-2. Let h(s) = -9*s. Let o be h(i). Let j = o - -25. What is the units digit of j?
7
Let j(p) = p**3 - 14*p**2 - 9*p - 3. Let r be j(15). Suppose -3*x + 24 = -r. What is the units digit of x?
7
Let k = -30 - -70. Suppose -5*n - k = -10. Let d(h) = h**2 + 5*h - 3. What is the units digit of d(n)?
3
Let w(g) = 4*g**2 + 1. Let v be w(1). Suppose 0 = 4*c - 0*c. Suppose v + c = 5*o. What is the units digit of o?
1
Suppose -2*b = -5*u + 458, 4*u - 364 = -0*b + b. What is the units digit of u?
0
Suppose -4*t - 4*a = 20, 3*t = -t + 3*a + 1. Let p be 0 + -44 + 0/t. What is the tens digit of (2 + -5)/(12/p)?
1
Let u(x) = x + 2*x + 1 - 2*x. Let r be u(-4). Let b = -1 - r. What is the units digit of b?
2
Suppose -p + 9 = 1. Suppose 0*b - p = -4*b. What is the units digit of b?
2
Suppose 0*a = a - 52. What is the units digit of a?
2
Let d be -2*2/(-4) - -1. Let i be -3*2/(-3) + d. Suppose i*n + 10 = 6*n. What is the units digit of n?
5
Let i(w) = 3*w**2 + 3*w**2 + w - 2*w. What is the units digit of i(1)?
5
Suppose m - 5*u = 8, -3*u + 2 = -m + 4. Let v = m + 10. Suppose 4*q = 5*a + 2*q - 43, 0 = -v*a + q + 25. What is the units digit of a?
7
Let h(a) = -5*a**3 + 2*a + 1. Let w be h(-1). Suppose -2*t - w*j + 10 = 0, 2*j = -4*t - 0*t + 26. What is the units digit of t?
7
Suppose -j = 3*j - 3*k - 353, 5*j + 4*k = 480. What is the tens digit of j?
9
Let q = -1 + 0. Suppose -4*n + 78 + 2 = 0. What is the tens digit of (-2 - q)*2 + n?
1
Suppose 2*z - 13 = 3*v + 1, 0 = 4*v + 8. Suppose -3*m + 39 = 3*t - t, -2*m = -z*t - 10. What is the tens digit of m?
1
Suppose 3*d - 7*d - 24 = 0. Let x be 8/d*(-3)/2. Suppose 11 = -x*h + 29. What is the units digit of h?
9
Let b be (13 - 12)*110/(-2). What is the units digit of (-429)/b - (-4)/(-5)?
7
Suppose v = y, -5*y + 14 + 21 = 2*v. Suppose 2*o - 10 = -v*g, 3*g - 4 = 4*o + 2. What is the units digit of g?
2
Suppose 0 = a + 3, 12 = -c - a - 2*a. Let g be 0/(3/(-9)*c). Let w = g - -6. What is the units digit of w?
6
Suppose -4*p = 3*w + 15, w + 3 + 2 = -5*p. Let g = w + 17. What is the tens digit of g?
1
Suppose 1 - 4 = m. Let l(h) = 3 - 3*h**2 - 1 + 4*h**2 + h. What is the units digit of l(m)?
8
What is the units digit of (-148)/(-6) + (-2)/3?
4
Let h(r) = r**3 - 6*r**2 + 6*r - 4. Let c be h(5). Let a(y) = -6*y**2. Let l(j) = -13*j**2. Let t(m) = -5*a(m) + 2*l(m). What is the units digit of t(c)?
4
Let u = 154 - 81. What is the units digit of u?
3
Let x = 21 - 8. Suppose 3*v - 5 - x = 0. What is the units digit of v?
6
Suppose 4*j - 16 = -48. Let g(y) = -y**2 + y + 4. Let v be g(3). Let b = v - j. What is the units digit of b?
6
Suppose 0 = -5*z + 3*t - 2*t + 13, 3*t = 5*z - 19. Suppose z*a = -0*a + 58. What is the tens digit of a?
2
What is the units digit of (-4)/(-6)*30*2?
0
Let a be (-2)/(-8) - 162/8. Suppose 6 = v + 18. Let c = v - a. What is the units digit of c?
8
Suppose -5*v + 404 + 109 = -r, -3*v = 3*r - 297. Suppose -a + 4*a - v = 0. What is the tens digit of a?
3
Suppose 159 + 53 = 4*t + 4*v, 4*t - 212 = 5*v. What is the tens digit of t?
5
Let t = 461 - 46. What is the tens digit of t?
1
Suppose k = 3, -4*t + 5*t - 4*k = 29. What is the tens digit of t?
4
Suppose 5*w - 5*c + 65 = 0, -44 = w + 3*c - 19. Let n be (-9*1)/((-1)/(-3)). Let q = w - n. What is the tens digit of q?
1
Let f(z) = -z**3 - 15*z**2 + 15*z + 10. Suppose 5*w + 1 = -4*u - 99, w - 5*u - 9 = 0. What is the tens digit of f(w)?
2
Let r(d) = -d**3 - 6*d**2 + 6*d + 10. Let k be r(-7). Suppose -4*u + 3*c + 7 = 0, u - k = -4*u + c. What is the units digit of u?
4
Suppose 3*m + 4*a = 46, -5*a + 11 = -5*m + 41. What is the tens digit of m?
1
Suppose -967 = 2*z - 95. What is the tens digit of 12/66 - z/22?
2
Suppose 3*s - 7*s + 3*z = -4, -5*z = 5*s - 5. What is the units digit of s?
1
Suppose -3*m - 12 = -0*m. Let f(r) = r**3 + 4*r**2 - 3*r - 6. Let p be f(m). What is the units digit of 30/9 - 2/p?
3
Let o(j) = -5 - j - 2 + 3. Let l be o(-2). What is the units digit of -3*(39/(-9) - l)?
7
Let i be (88/(-11))/(0 - 2) - -4. Let t(k) be the first derivative of k**2 - 11*k + 1. What is the units digit of t(i)?
5
Suppose -o + 2*o = 13. What is the tens digit of o?
1
Let w be (1 - (3 + -2))/(-1). Suppose a = -w + 1. What is the units digit of a?
1
Let c(v) = -v**3 + 9*v**2 - 7*v - 3. Let u be c(8). Suppose 0 = l - u*l + 132. What is the units digit of l?
3
Let v = 5 + 0. Suppose -3*n + 11 = v. Suppose o = -6*t + n*t + 4, -t = 0. What is the units digit of o?
4
Suppose -2*s = -0*s. Let q be 25/9 + 2/9. Suppose s*x - 4*x + 38 = 3*o, 27 = 2*o + q*x. What is the units digit of o?
6
Suppose -3*n = -4*n - 72. What is the tens digit of (n/7)/(18/(-84))?
4
Suppose -4*o + 3*b = -131, -4*o - 4*b - 1 = -125. What is the units digit of o?
2
Let w = 32 + -53. Let c = w + 28. What is the units digit of c?
7
Suppose c - 3 = -0*c. Let q(u) = 2*u + 1. What is the units digit of q(c)?
7
Let j be (1/(-3))/(1/39). Let s = 1 - j. What is the tens digit of s?
1
Suppose n = 6*n + 2*b - 49, 0 = -5*n + 2*b + 41. What is the units digit of n?
9
Let 